te (-117 - -105) + 11 + 1.
0
Calculate -37 + 36 + 0 + (0 - -1).
0
What is 9 - 2 - (3 + -1)?
5
-1 + (-1 - 3) + (5 - -2)
2
8 - 2 - -1 - 11
-4
-4 - (-5 + -1 + 4 + 5)
-7
-7 + 0 - (9 + -13)
-3
Calculate (-6 + 3 - (-2 - 1)) + -1.
-1
Calculate (-21 - -10 - -7) + (0 - 2).
-6
What is the value of (8 - (11 - 0)) + 7?
4
What is the value of 2 - 0 - (10 + -6)?
-2
What is (2 - 0 - 6) + 2 + -1?
-3
What is the value of (-10 - -7) + 4 + (0 - 1)?
0
What is (0 - 4) + (0 - 3)?
-7
6 - ((0 - -2) + -6 - -6)
4
What is -12 + 2 - (6 - 6 - 5)?
-5
(2 - 5) + 3 - (2 + -4)
2
Evaluate 1 - (-6 + -3) - 12.
-2
What is -6 - (-2 - (-6 + 11))?
1
What is the value of (-6 - (-2 + -3)) + 6?
5
What is (4 - 5) + 0 - 3?
-4
34 - 22 - (-2 + 6) - 2
6
3 - (7 + (0 - (-2 + 5)))
-1
What is the value of 0 - (3 + -16 + 8)?
5
(4 - 4 - -5) + -5
0
What is the value of 1 - 5 - (154 - 167)?
9
Calculate 2 + 6 + -1 - (6 - 1).
2
What is -3 + (-5 - -15) + -5 - 9?
-7
What is -5 + -1 + (-2 - -6) + 0?
-2
-10 - 3 - (6 + -14)
-5
Calculate (14 - 11) + -1 + -1 + 3.
4
Evaluate 12 + (-11 - -9 - 18).
-8
What is -2 + 3 - (9 - 4)?
-4
Calculate -8 - (9 - 12) - (0 + -9).
4
What is the value of -7 + (1 - 0) - (34 + -39)?
-1
What is 5 + (13 + -13 - (5 - 1))?
1
-8 + (-21 - -26) + (-1 - -1)
-3
What is the value of (11 - 16) + 2 + 2?
-1
Calculate (-4 - -6 - 1) + 2 + -6.
-3
(-20 - -14) + -1 + 5
-2
Calculate -1 - (4 - 1) - (-6 + -5).
7
(7 - (16 + -10)) + -1
0
What is the value of 7 + 0 + -10 + 6?
3
Calculate (17 - (-4 - -10)) + -6.
5
What is -3 - (-8 + (5 - (-7 + 7)))?
0
What is -7 + 7 + 12 - 18?
-6
Calculate -2 - (-1 + 1) - (-16 - -10).
4
What is 8 - (-2 + 15) - (-4 + 3)?
-4
What is (-3 - (-1 + 0)) + (4 - 2)?
0
-1 + (0 - -6) + -2 - -2
5
-5 + (-8 - 0) - (7 - 13)
-7
Evaluate (-4 - -1) + 4 + -3 + 2.
0
What is (10 + 7 - 10) + -13?
-6
What is the value of (-5 - -12) + (-5 - -2)?
4
-2 + (6 - -4 - 11)
-3
Calculate -4 + 1 + 3 + -3.
-3
Evaluate (-15 - -15) + -4 + (-1 - 0).
-5
What is 1 + -15 - (-3 - 6)?
-5
Calculate (-7 - -11) + (-3 - (1 - -1)).
-1
1 + 1 + 1 + -5 + 0
-2
Calculate 7 + -18 + 3 + (6 - -2).
0
Evaluate -2 + -3 + -1 - (-6 + -2).
2
(-2 + 2 - -1) + (2 - 4)
-1
What is (-24 - -16) + 0 + 1?
-7
What is the value of -2 + 3 + 11 + -6 - 2?
4
Evaluate (3 - (-2 - -9)) + 2.
-2
Evaluate 0 + -9 + 17 + -12.
-4
Calculate (-7 - -1) + (-24 - -25).
-5
What is 1 + -2 + (-3 - -3) + -3?
-4
Evaluate (2 - 3) + (4 - (-2 + 1)).
4
Calculate (2 - (-3 - -4)) + 1 + 2.
4
Evaluate -7 + (6 + -3 - 1).
-5
(-3 - 7) + (3 - -2)
-5
What is (7 - 1) + -38 + 35?
3
Calculate 27 + -22 + (3 - 10).
-2
Evaluate -2 - -3 - ((8 - 12) + 1).
4
Evaluate -5 - (1 + -5 + 4).
-5
-4 - 0 - (-125 + 127)
-6
-4 - 0 - (-8 + 3 + -2)
3
4 + 0 + (1 - 5) - 2
-2
-1 + (-3 - (-1 + (5 - 4)))
-4
What is 2 + (-7 + 2 - (5 + -15))?
7
Calculate (-133 - -138) + (1 + -1 - 9).
-4
-5 + 8 + -6 + 5
2
6 + (-11 - -6) - -2
3
What is 8 - 5 - (4 - -3)?
-4
What is the value of 1 - (4 + -7) - 9?
-5
What is (-1 - (-4 + 4)) + 6?
5
What is 9 + -7 + -4 + 2 - 0?
0
Evaluate -1 + (-6 + 5 - 3).
-5
What is the value of 0 + (-4 - -3 - 0)?
-1
What is the value of 9 - (-19 + 12 - -16)?
0
What is the value of -2 + 0 + 4 + (-31 - -28)?
-1
Evaluate -2 - 1 - (-49 - -40).
6
What is (-5 + 8 - -6) + -6 + -14?
-11
Evaluate (8 - 4 - -7) + -11.
0
What is -3 + (4 + -1 - -5)?
5
What is 1 - 3 - (-9 - -11) - 0?
-4
Calculate 10 + -19 - (-6 - (3 - 5)).
-5
Evaluate 0 + (5 - 2) - 5.
-2
Calculate -6 - (-3 + 1 + -4).
0
What is (-2 + -3 - 1) + 2?
-4
Calculate -1 - -3 - (1 + -2 - -8).
-5
Evaluate 3 - (0 + 2 + 2 + -6).
5
Evaluate -17 - (-1 - (0 - -8)).
-8
1 - (3 - (-6 + 9))
1
What is (7 - 15) + 4 + 1?
-3
4 - 8 - 3 - -10
3
What is -1 - 1 - (8 + -9)?
-1
Evaluate (2 - (9 - 8)) + 2.
3
Evaluate -12 - (5 - (-8 + 19)).
-6
4 + -5 + (0 - 3) + 7
3
What is the value of -6 + (4 - -1) + 6?
5
Calculate 1 - (0 + -3 - (1 - 0)).
5
Evaluate (10 - 3 - -2) + -7.
2
Evaluate -1 + (4 - (-4 - -3)) - 9.
-5
1 - (-4 - (-2 - 0)) - 0
3
Evaluate (3 - (-1 - -3)) + 2.
3
What is the value of 8 + (2 - (-2 + 2 + 8))?
2
Calculate (2 - 2) + -5 - 4 - -4.
-5
What is the value of -6 - (1 + -2 - (-2 - -2))?
-5
Evaluate -3 + 0 + 30 + -32.
-5
(-7 - (3 + -7)) + 4 + -3
-2
What is the value of 1 + 2 - ((6 - 4) + -4)?
5
3 + 5 + -3 + -8 - -4
1
Evaluate (9 - (-4 - -9)) + -14.
-10
Calculate (5 - -1) + -3 + -2 - 1.
0
(-1 + -2 - -4) + (-13 - -9)
-3
(5 - 5) + (-4 - -3)
-1
Evaluate 3 - ((10 - 2) + -5).
0
Calculate 1 + 0 + 17 + -9 + -8.
1
Evaluate 1 - (-4 - (-5 + (-6 - -3))).
-3
What is -2 + 2 + -5 + 4?
-1
Evaluate -14 + (1 + -9 - -10) + 3.
-9
What is -7 + (5 - (-2 - -4)) + 0?
-4
Calculate 2 + 0 + -3 + 1 - 2.
-2
What is the value of 12 - (8 + -2 + 1)?
5
What is the value of 2 + (5 - 4 - 5)?
-2
What is -4 + 4 + (3 - 0 - 2)?
1
(-7 - -3) + (-1 - -6)
1
What is -7 - (9 - (11 - -8))?
3
What is 7 + -11 - (-2 + 2 + -4)?
0
Evaluate 3 + 1 + 31 + -34.
1
Evaluate 0 - (4 + 1 + -4).
-1
What is -3 - (-5 + 5 + -5)?
2
Calculate 1 + -2 + 1 + 1.
1
What is 1 + 0 + 2 - (-3 - 2)?
8
2 + (-2 - -10) - (-2 + 7)
5
What is the value of (-1 - -2) + -3 + 4?
2
What is 2 + -1 - (11 + -4 - 3)?
-3
What is -8 - (-7 + 9) - -14?
4
Calculate (-3 - -2) + (6 - -2).
7
What is 2 - (-4 + 0 + -13 + 13)?
6
What is (76 - 72) + (-5 + 0 - -1)?
0
What is the value of -18 + 18 + (0 - (1 - -2))?
-3
(5 - (4 + -4 + -1)) + -2
4
-1 - 2 - -1 - 1
-3
Calculate -3 - (-5 - 0) - 6.
-4
What is (-2 - -2) + -7 + 3?
-4
What is (-2 - 1 - (-9 + 4)) + -6?
-4
Calculate 6 + -5 - (1 + 5 - 1).
-4
What is the value of -6 + 4 + 2 + 6 + -1?
5
What is the value of -9 + -10 + 7 + 2 + 4?
-6
What is -4 + -3 + 5 + -1 + 3?
0
Evaluate -3 + 11 + -8 + 3.
3
Evaluate 1 + (-3 - -3 - (0 - 1)).
2
Evaluate -7 + 6 - (-2 - -4).
-3
What is the value of 2 - (3 - 2) - 0?
1
What is the value of 1 - (1 + 5) - (118 + -124)?
1
Calculate (6 - (-2 + 12)) + (7 - 2).
1
What is the value of -1 - ((-1 - (2 - 0)) + 4)?
-2
1 + (-1 - -2) - (-183 - -179)
6
-7 - (6 - 10 - -1)
-4
What is the value of (0 - -6) + 6 + -7 + -2?
3
Evaluate (-2 - (10 - 7)) + 9.
4
What is the value of (0 - (1 - 5)) + (-5 - -5)?
4
What is (-6 - -13) + -18 + (8 - 4)?
-7
What is the value of 0 - 2 - (-7 + 10 + 2)?
-7
Calculate -55 + 63 + (-16 - 0).
-8
Evaluate 10 + -10 - -2 - 6.
-4
3 - 1 - ((-4 - -5) + -4)
5
Evaluate 4 + (8 - 3) + -5.
4
Evaluate (0 - 0) + -4 + 9.
5
1 - (8 + (-7 - -3 - 0))
-3
What is the value of (3 + -2 - 3) + (-48 - -54)?
4
What is 3 - (-2 + 4 + 2)?
-1
What is the value of 2 - (3 + -1) - -1 - 3?
-2
(-1 - -1) + (7 - (3 - -3))
1
0 + -6 - (-29 - -22)
1
Calculate -8 + -1 + -21 + 22.
-8
Evaluate 0 + (-3 - (4 - 2)).
-5
What is -17 + (10 - (-6 - -6))?
-7
Evaluate 5 + (-1 - (2 - 0) - -3).
5
Calculate 0 + (0 - 0) - (15 + -14).
-1
What is the value of 2 - (6 + -1 + -1)?
-2
What is -2 - (0 + 3 - 6 - 1)?
2
Evaluate (8 - 6) + (0 - -4) - -5.
11
Evaluate 11 + -10 - (-1 - 2).
4
(4 + 4 - 13) + 3
-2
(0 - -4) + 2 + -4
2
What is the value of 1 - (-5 - -11 - 4)?
-1
4 - ((-3 - -1) + 8 + -6)
4
What is 13 + -1 + 10 + -18?
4
28 + -28 - (1 + -6 + 1)
4
What is the value of 7 - (0 + -6 - -8)?
5
Calculate (0 + -5 + -8 - -1) + 5.
-7
Calculate -9 - (5 - 27 - -7).
6
Calculate -2 + (11 + -7 - 5 - -1).
-2
Evaluate 0 + 0 + (1 - (-2 - 1)).
4
Calculate (-2 - -7) + (-4 - -3) + -3.
1
Evaluate -1 - -2 - (-2 + 10 + -1).
-6
What is the value of (7 - (-3 - -3)) + -8 + 5?
4
Calculate -1 - 1 - 4 - (-13 + 8).
-1
Evaluate -34 + 11 + 7 + 10.
-6
What is -3 + (6 - (-3 - -6)) + -1?
-1
What is the value of (-5 + 4 - -9) + -3?
5
Evaluate -4 + 11 + (3 - 5).
5
Calculate 5 + -3 + -1 - 6.
-5
What is (-7 - -10) + 1 + -3 + 1?
2
What is 6 + -1 + (-4 - -1 - -1)?
3
-2 + 3 + 5 + -6 + 1
1
What is (1 - (2 - 0)) + 2?
1
What is the value of (-2 - -8 - 2) + 2 + 3?
9
Calculate (10 - (-6 + 15)) + -2 + -4.
-5
What is the value of -9 - -6 - (1 - (1 + -6))?
-9
What is the value of -16 + 7 + 5 + 6?
2
2 + (19 - 9) + -17
-5
Evaluate 6 - 1 - (-10 + 14).
1
0 - (-3 + 4) - 7
-8
What is -4 - (-27 - -22 - (0 + -1))?
0
Calculate 11 + -14 - (0 - 3).
0
What is 1 - (0 - -4) - -3?
0
Calculate (3 - -3) + -9 + (4 - 3).
-2
-5 - -7 - (2 - -1)
-1
(6 - -2) + -9 + 4
3
0 - -3 - (5 - 7) - 1
4
-11 + 3 + 14 + -11
-5
What is -10 + 4 + 5 + (2 - 6)?
-5
What is the value of -6 + 6 + (-2 - 2)?
-4
(5 - 2) + 1 + -4
0
Evaluate (2 - 3 - (32 + -27)) + 8.
2
Evaluate -3 - (-9 + (7 - 1)).
0
(-1 - (-2 - -5)) + 5
1
-2 - 